{"id":6,"date":"2024-01-18T14:43:39","date_gmt":"2024-01-18T17:43:39","guid":{"rendered":"https:\/\/aquecedoresefiltros.com.br\/index.php\/materialis\/"},"modified":"2024-01-30T08:10:05","modified_gmt":"2024-01-30T11:10:05","slug":"materialis","status":"publish","type":"page","link":"https:\/\/aquecedoresefiltros.com.br\/","title":{"rendered":"Front Page"},"content":{"rendered":"<!-- wp:extendstudio\/materialis--><div  id=\"overlappable-8\" style=\"background-color: #f5fafd;\" data-label=\"Overlappable\" data-id=\"overlappable-5-materialis\" data-export-id=\"overlappable-5-materialis\" data-category=\"overlappable\" class=\"overlappable-5-materialis content-section content-section-spacing-large\" data-overlap=\"true\"><div  class=\"gridContainer\"> <div  data-type=\"row\" class=\"row spaced-cols \"><div  class=\"col-xs-12 col-sm-6 col-md-4 \"> <div  class=\"card mdc-elevation--z3 row-card\"><div  class=\"row\"> <div  class=\"col-xs-12 col-sm-fit icon-col\" data-fixed=\"true\"><i  class=\"color1 icon mdi mdi-weather-sunny reverse round big\"><\/i><\/div> <div  class=\"col-xs-12 col-sm\" data-type=\"column\"><h4  class=\"color-black\">AQUECEDOR SOLAR<\/h4> <p  class=\"\">Aquecedores solar Tecsol \u2013 fazer economia nos dias de hoje, usando energia solar, voc\u00ea tem muita \u00e1gua quente e \u00e9 de gra\u00e7a.<\/p><\/div> <\/div><\/div> <\/div> <div  class=\"col-xs-12 col-sm-6 col-md-4 \"> <div  class=\"card mdc-elevation--z3 row-card\"> <div  class=\"row\"> <div  class=\"col-xs-12 col-sm-fit icon-col\" data-fixed=\"true\"> <i  class=\"color1 icon mdi mdi-cup-water reverse round big\"><\/i><\/div> <div  class=\"col-xs-12 col-sm\" data-type=\"column\"><h4  class=\"color-black\">FILTRO RESIDENCIAL<\/h4> <p  class=\"\">Beber \u00e1gua filtrada \u00e9 cuidar da sua sa\u00fade, e com o filtro central tecsol voc\u00ea ter\u00e1 \u00e1gua filtrada em todas as torneiras de sua casa.<\/p><\/div> <\/div><\/div> <\/div> <div  class=\"col-xs-12 col-sm-6 col-md-4 \"> <div  class=\"card mdc-elevation--z3 row-card\"> <div  class=\"row\"> <div  class=\"col-xs-12 col-sm-fit icon-col\" data-fixed=\"true\"> <i  class=\"color1 icon mdi mdi-battery-charging reverse round big\"><\/i><\/div> <div  class=\"col-xs-12 col-sm\" data-type=\"column\"><h4  class=\"color-black\">ENERGIA EL\u00c9TRICA<\/h4> <p  class=\"\">Energia solar fotovoltaica \u00e9 a energia proveniente da luz solar que \u00e9 transformada em energia el\u00e9trica.<\/p><\/div> <\/div><\/div> <\/div><\/div> <\/div><\/div><!-- \/wp:extendstudio\/materialis--><!-- wp:extendstudio\/materialis--><div  id=\"about-6\" style=\"background-color: #f5fafd;\" data-label=\"About\" data-id=\"about-4\" data-export-id=\"about-4\" data-category=\"about\" class=\"about-4 content-section content-section-spacing-large\"><div  class=\"gridContainer\"> <div  class=\"row middle-sm text-center\"><div  class=\"col-sm-5 space-bottom-xs\" data-type=\"column\"> <h5  class=\"\">Suprimentos<\/h5> <h2  class=\"\">Se voc\u00ea necessita de manuten\u00e7\u00e3o ou reposi\u00e7\u00e3o, entre em contato<\/h2> <p  class=\"\">Carv\u00e3o ativado, cristais de quartzo, resist\u00eancias el\u00e9tricas, placas de aquecimento e sevi\u00e7os de instala\u00e7\u00e3o e manuten\u00e7\u00e3o<\/p> <a class=\"button big color1 mdc-ripple-upgraded\" href=\"https:\/\/aquecedoresefiltros.com.br\/index.php\/representacao\" target=\"_self\" data-cp-link=\"1\" rel=\"noopener\">Solicite j\u00e1!<\/a><\/div> <div  class=\"col-sm-7 flexbox center-xs middle-xs image-group-2-img padding-top-bottom\"> <img  decoding=\"async\" class=\"img-1 rounded mdc-elevation--z10\" data-size=\"250x200\" src=\"https:\/\/aquecedoresefiltros.com.br\/wp-content\/uploads\/2024\/01\/cropped-carvao_ativado_g.jpg\"> <img  decoding=\"async\" class=\"img-2 rounded mdc-elevation--z10\" data-size=\"220x170\" src=\"https:\/\/aquecedoresefiltros.com.br\/wp-content\/uploads\/2024\/01\/cropped-cropped-res_02.jpg\"><\/div> <\/div><\/div> <\/div><!-- \/wp:extendstudio\/materialis--><!-- wp:extendstudio\/materialis--><!-- \/wp:extendstudio\/materialis--><!-- wp:extendstudio\/materialis--><!-- \/wp:extendstudio\/materialis--><!-- wp:extendstudio\/materialis--><!-- \/wp:extendstudio\/materialis--><!-- wp:extendstudio\/materialis--><!-- \/wp:extendstudio\/materialis--><!-- wp:extendstudio\/materialis--><div  id=\"testimonials-2\" style=\"background-color: #ffffff;\" data-label=\"Testimonials\" data-id=\"testimonials-1-materialis\" data-export-id=\"testimonials-1-materialis\" data-category=\"testimonials\" class=\"testimonials-1m content-section content-section-spacing\"><div  class=\"gridContainer\"> <div  class=\"row space-bottom-small\"><div  data-type=\"column\" class=\"section-title-col\"> <h2  class=\"\">Seja sustent\u00e1vel e economize!<\/h2> <p  class=\"lead\">Sa\u00fade e sustentabilidade para sua casa e neg\u00f3cio. Entregamos em todo o Brasil!<br >Consulte condi\u00e7\u00f5es e frete.<\/p><\/div> <\/div> <div  class=\"row spaced-cols content-left-sm\" data-type=\"row\"> <div  class=\"col-xs-12 col-sm-4 col-md-4\"> <div  class=\"card mdc-elevation--z3 small-padding no-border\"> <div  class=\"row space-bottom-small\"> <div  class=\"testimonial-body col-xs-12\" data-type=\"column\"> <img  decoding=\"async\" class=\"custom-image\" src=\"https:\/\/aquecedoresefiltros.com.br\/wp-content\/uploads\/2024\/01\/cropped-solar01-1.jpg\"><h4  class=\"font-500\" style=\"margin-right: 0px; margin-bottom: 16px;\">Aquecedor Solar Tecsol<\/h4><p  class=\"\">Uma solu\u00e7\u00e3o economicamente vi\u00e1vel e sustent\u00e1vel, fornecida por uma empresa pioneira, com mais de 45 anos no mercado e clientes por todo o Brasil.<\/p><a class=\"link\" href=\"https:\/\/aquecedoresefiltros.com.br\/index.php\/aquecedor-solar\" target=\"_self\" data-cp-link=\"1\" rel=\"noopener\">Saiba mais<\/a><\/div> <\/div> <div  class=\"row middle-xs f-align\"> <div  class=\"col-xs-fit col-sm-12 col-md-fit space-bottom-image\" data-fixed=\"true\"> <img  decoding=\"async\" data-fixed-elevation=\"true\" class=\"round image-70 mdc-elevation--z3\" src=\"https:\/\/aquecedoresefiltros.com.br\/wp-content\/uploads\/2024\/01\/cropped-cropped-solar01-1.jpg\"><\/div> <div  class=\"col-xs-fit col-sm-12 col-md-fit info no-padding-left\" data-type=\"column\"> <\/div> <\/div><\/div> <\/div>  <div  class=\"col-xs-12 col-sm-4 col-md-4\"> <div  class=\"card mdc-elevation--z3 small-padding no-border\"> <div  class=\"row space-bottom-small\"> <div  class=\"testimonial-body col-xs-12\" data-type=\"column\"> <img  decoding=\"async\" class=\"custom-image\" src=\"https:\/\/aquecedoresefiltros.com.br\/wp-content\/uploads\/2024\/01\/cropped-filtro01-1.jpg\"><h5  class=\"\"><\/h5><h4  class=\"font-500\" style=\"margin-right: 0px; margin-bottom: 16px;\">Filtro Residencial Tecsol<\/h4><p  class=\"\">A filtragem \u00e9 natural, atrav\u00e9s de um processo constitu\u00eddo por uma camada de carv\u00e3o ativado e por v\u00e1rias camadas de quartzo cristalino de diferentes granulosidades.<\/p><a class=\"link\" href=\"https:\/\/aquecedoresefiltros.com.br\/index.php\/filtro-residencial\" target=\"_self\" data-cp-link=\"1\" rel=\"noopener\">Saiba mais<\/a><\/div> <\/div> <div  class=\"row middle-xs f-align\"> <div  class=\"col-xs-fit col-sm-12 col-md-fit space-bottom-image\" data-fixed=\"true\"> <img  decoding=\"async\" data-fixed-elevation=\"true\" class=\"round image-70 mdc-elevation--z3\" src=\"https:\/\/aquecedoresefiltros.com.br\/wp-content\/uploads\/2024\/01\/cropped-cropped-WhatsApp-Image-2021-01-11-at-17.10.01.jpeg\"><\/div> <div  class=\"col-xs-fit col-sm-12 col-md-fit info no-padding-left\" data-type=\"column\"> <\/div> <\/div><\/div> <\/div><div  class=\"col-xs-12 col-sm-4 col-md-4\"> <div  class=\"card mdc-elevation--z3 small-padding no-border\"> <div  class=\"row space-bottom-small\"> <div  class=\"testimonial-body col-xs-12\" data-type=\"column\"> <img  decoding=\"async\" class=\"custom-image\" src=\"https:\/\/aquecedoresefiltros.com.br\/wp-content\/uploads\/2024\/01\/cropped-Design-sem-nome-6-1.jpg\"><h5  class=\"\"><\/h5><h4  class=\"font-500\" style=\"margin-right: 0px; margin-bottom: 16px;\">Energia El\u00e9trica Fotovoltaica<\/h4><p  class=\"\">Energia solar fotovoltaica \u00e9 a energia proveniente da luz solar que \u00e9 transformada em energia el\u00e9trica. Limpa, sustent\u00e1vel e vi\u00e1vel. Tecnologia Magnatec.<\/p><a class=\"link\" href=\"https:\/\/aquecedoresefiltros.com.br\/index.php\/energia-fotovoltaica\" target=\"_self\" data-cp-link=\"1\" rel=\"noopener\">Saiba mais<\/a><\/div> <\/div> <div  class=\"row middle-xs f-align\"> <div  class=\"col-xs-fit col-sm-12 col-md-fit space-bottom-image\" data-fixed=\"true\"> <img  decoding=\"async\" data-fixed-elevation=\"true\" class=\"round image-70 mdc-elevation--z3\" src=\"https:\/\/aquecedoresefiltros.com.br\/wp-content\/uploads\/2024\/01\/cropped-cropped-WhatsApp-Image-2021-01-11-at-13.50.14-1.jpeg\"><\/div> <div  class=\"col-xs-fit col-sm-12 col-md-fit info no-padding-left\" data-type=\"column\"> <\/div> <\/div><\/div> <\/div><\/div> <\/div><\/div><!-- \/wp:extendstudio\/materialis--><!-- wp:extendstudio\/materialis--><!-- \/wp:extendstudio\/materialis--><!-- wp:extendstudio\/materialis--><!-- \/wp:extendstudio\/materialis--><!-- wp:extendstudio\/materialis--><div  id=\"latest-news-1\" style=\"background-color: #f5fafd;\" data-label=\"Latest-news\" data-id=\"latest-news-1-materialis\" data-export-id=\"latest-news-1-materialis\" data-category=\"latest_news\" class=\"latest-news-1-materialis content-section content-section-spacing-large\"><div  class=\"gridContainer\"> <div  class=\"row\"><div  data-type=\"column\" class=\"section-title-col\"> <h2  class=\"\">Not\u00edcias e informa\u00e7\u00f5es \u00fateis<\/h2> <p  class=\"lead\">Acompanhe not\u00edcias importantes sobre energias renov\u00e1veis<\/p><\/div> <\/div> <div  class=\"row content-left-sm\"> <div  data-type=\"row\" data-dynamic-columns=\"handled\" data-content-shortcode=\"materialis_latest_news\" data-max-items=\"4\">\t\t<div class=\"row materialis-latest-news\">\n\t\t\t\t\t<div id=\"post-73\" class=\"col-sm-6 col-md-4 space-bottom space-bottom-xs\">\n\t\t\t\t\t<div class=\"post-content no-padding  mdc-card overflow-hidden mdc-elevation--z2 latest-news-layout-cards\">\n\t\t\t\t\t<div class=\"\">\n\t\t\t\t    <div class=\"post-thumbnail\">\n        <a href=\"https:\/\/aquecedoresefiltros.com.br\/index.php\/2024\/01\/18\/veja-quais-as-melhores-e-piores-cidades-em-saneamento-basico-no-pais\/\" class=\"post-list-item-thumb \">\n            <img loading=\"lazy\" decoding=\"async\" width=\"400\" height=\"400\" src=\"https:\/\/aquecedoresefiltros.com.br\/wp-content\/uploads\/2024\/01\/ID-10014612.jpg\" class=\"attachment-post-thumbnail size-post-thumbnail wp-post-image\" alt=\"\" srcset=\"https:\/\/aquecedoresefiltros.com.br\/wp-content\/uploads\/2024\/01\/ID-10014612.jpg 400w, https:\/\/aquecedoresefiltros.com.br\/wp-content\/uploads\/2024\/01\/ID-10014612-300x300.jpg 300w, https:\/\/aquecedoresefiltros.com.br\/wp-content\/uploads\/2024\/01\/ID-10014612-150x150.jpg 150w\" sizes=\"(max-width: 400px) 100vw, 400px\" \/>        <\/a>\n    <\/div>\n    \t\t\t<\/div>\n\t\t\n\t\t<div class=\"post-content-body col-padding  \">\n\t\t\t\t\t\t\t<div class=\"space-bottom-small\">\n\t\t\t\t\t<a href=\"https:\/\/aquecedoresefiltros.com.br\/index.php\/category\/blog\/\"  class=\"button color5 link \">Blog<\/a>\t\t\t\t<\/div>\n\t\t\t\n\t\t\t<h4 class=\"latest-news-item-title\">\n\t\t\t\t<a href=\"https:\/\/aquecedoresefiltros.com.br\/index.php\/2024\/01\/18\/veja-quais-as-melhores-e-piores-cidades-em-saneamento-basico-no-pais\/\" rel=\"bookmark\">\n\t\t\t\t\tVeja quais as melhores e piores cidades em saneamento b\u00e1sico no Pa\u00eds\t\t\t\t<\/a>\n\t\t\t<\/h4>\n\n\t\t\t\n\t\t\t<div class=\"latest-news-item-excerpt\">\n\t\t\t\t<p>Entre as 100 maiores cidades brasileiras, o munic\u00edpio de Uberl\u00e2ndia (MG) \u00e9 o que oferece[&hellip;]<\/p>\n\t\t\t<\/div>\n\n\n\t\t<\/div>\n\t\t\t\t\t\t\t<div class=\"mdc-card__actions box-padding-lr-small text-dark\">\n\t\t\t\t<div class=\"mdc-card__action-icons col-xs-12 text-dark col-sm-fit no-padding-left\">\n\t\t\t\t\t\t<a class=\"post-footer-link\" href=\"https:\/\/aquecedoresefiltros.com.br\/index.php\/2024\/01\/18\/veja-quais-as-melhores-e-piores-cidades-em-saneamento-basico-no-pais\/\">\n\t\t<i class=\"mdi small mdi-comment-outline mdc-card__action mdc-card__action--icon color-darkgray\" title=\"Comments\"><\/i>\n\t\t<span class=\"post-footer-value\">0<\/span>\n\t<\/a>\n\t<a class=\"post-footer-link\" href=\"https:\/\/aquecedoresefiltros.com.br\/index.php\/2024\/01\/18\/veja-quais-as-melhores-e-piores-cidades-em-saneamento-basico-no-pais\/\">\n\t\t<i class=\"mdi small mdi-clock mdc-card__action mdc-card__action--icon color-darkgray\" title=\"Post Time\"><\/i>\n\t\t<span class=\"post-footer-value\">18 de January de 2024<\/span>\n\t<\/a>\n\t\t\t\t\t<\/div>\n\t\t\t\t<div class=\"mdc-card__action-buttons col-xs-12 col-sm-fit no-padding\">\n\t\t\t\t\t<a href=\"https:\/\/aquecedoresefiltros.com.br\/index.php\/2024\/01\/18\/veja-quais-as-melhores-e-piores-cidades-em-saneamento-basico-no-pais\/\" class=\"button color2 link\">Read more<\/a>\n\t\t\t\t<\/div>\n\t\t\t<\/div>\n\t\t\t<\/div>\n\t\t\t\t<\/div>\n\t\t\t\t<\/div>\n\t<\/div><\/div> <div  class=\"row\"><div  class=\"col-xs-12 text-center\"> <a  class=\"button big color1 mdc-elevation--z3 mdc-ripple-upgraded\" data-attr-shortcode=\"href:materialis_blog_link\" href=\"https:\/\/aquecedoresefiltros.com.br\/index.php\/blog\/\">Veja mais noticias<\/a><\/div> <\/div><\/div><\/div><!-- \/wp:extendstudio\/materialis--><!-- wp:extendstudio\/materialis--><div  id=\"contact-1\" data-label=\"Contact\" data-id=\"contact-1\" data-export-id=\"contact-1\" data-category=\"contact\" class=\"contact-1 content-section content-section-spacing-large content-relative white-text\" data-parallax-depth=\"20\"><div  class=\"gridContainer\"> <div  class=\"row text-center\"><div  class=\"section-title-col\" data-type=\"column\"> <h2  class=\"\">Entre em contato!<\/h2> <p  class=\"lead\">Solicite seu or\u00e7amento ou esclare\u00e7a suas d\u00favidas aqui!<\/p><\/div> <\/div> <div  class=\"row text-center\"> <div  class=\"col-xs-12 col-sm-8 col-sm-offset-2 contact-form-wrapper inline-info\"> <div  class=\"card mdc-elevation--z3 col-padding-top\"> <div  class=\"dark-text\" data-content-shortcode=\"materialis_contact_form shortcode=&quot;contact-form-7 id=&amp;amp;quot;e6e557e&amp;amp;quot; title=&amp;amp;quot;Contato_Novo&amp;amp;quot;&quot;\" data-editable=\"true\">\n<div class=\"wpcf7 no-js\" id=\"wpcf7-f80-o1\" lang=\"pt-BR\" dir=\"ltr\">\n<div class=\"screen-reader-response\"><p role=\"status\" aria-live=\"polite\" aria-atomic=\"true\"><\/p> <ul><\/ul><\/div>\n<form action=\"\/index.php\/wp-json\/wp\/v2\/pages\/6#wpcf7-f80-o1\" method=\"post\" class=\"wpcf7-form init\" aria-label=\"Formul\u00e1rios de contato\" novalidate=\"novalidate\" data-status=\"init\">\n<div style=\"display: none;\">\n<input type=\"hidden\" name=\"_wpcf7\" value=\"80\" \/>\n<input type=\"hidden\" name=\"_wpcf7_version\" value=\"5.8.6\" \/>\n<input type=\"hidden\" name=\"_wpcf7_locale\" value=\"pt_BR\" \/>\n<input type=\"hidden\" name=\"_wpcf7_unit_tag\" value=\"wpcf7-f80-o1\" \/>\n<input type=\"hidden\" name=\"_wpcf7_container_post\" value=\"0\" \/>\n<input type=\"hidden\" name=\"_wpcf7_posted_data_hash\" value=\"\" \/>\n<input type=\"hidden\" name=\"_wpcf7_recaptcha_response\" value=\"\" \/>\n<\/div>\n<p><label> Seu nome<br \/>\n<span class=\"wpcf7-form-control-wrap\" data-name=\"your-name\"><input size=\"40\" class=\"wpcf7-form-control wpcf7-text wpcf7-validates-as-required\" autocomplete=\"name\" aria-required=\"true\" aria-invalid=\"false\" value=\"\" type=\"text\" name=\"your-name\" \/><\/span> <\/label>\n<\/p>\n<p><label> Seu e-mail<br \/>\n<span class=\"wpcf7-form-control-wrap\" data-name=\"your-email\"><input size=\"40\" class=\"wpcf7-form-control wpcf7-email wpcf7-validates-as-required wpcf7-text wpcf7-validates-as-email\" autocomplete=\"email\" aria-required=\"true\" aria-invalid=\"false\" value=\"\" type=\"email\" name=\"your-email\" \/><\/span> <\/label>\n<\/p>\n<p><label> Assunto<br \/>\n<span class=\"wpcf7-form-control-wrap\" data-name=\"your-subject\"><input size=\"40\" class=\"wpcf7-form-control wpcf7-text wpcf7-validates-as-required\" aria-required=\"true\" aria-invalid=\"false\" value=\"\" type=\"text\" name=\"your-subject\" \/><\/span> <\/label>\n<\/p>\n<p><label> Sua mensagem (opcional)<br \/>\n<span class=\"wpcf7-form-control-wrap\" data-name=\"your-message\"><textarea cols=\"40\" rows=\"10\" class=\"wpcf7-form-control wpcf7-textarea\" aria-invalid=\"false\" name=\"your-message\"><\/textarea><\/span> <\/label>\n<\/p>\n<p><input class=\"wpcf7-form-control wpcf7-submit has-spinner\" type=\"submit\" value=\"Enviar\" \/>\n<\/p><p style=\"display: none !important;\" class=\"akismet-fields-container\" data-prefix=\"_wpcf7_ak_\"><label>&#916;<textarea name=\"_wpcf7_ak_hp_textarea\" cols=\"45\" rows=\"8\" maxlength=\"100\"><\/textarea><\/label><input type=\"hidden\" id=\"ak_js_1\" name=\"_wpcf7_ak_js\" value=\"212\"\/><script>document.getElementById( \"ak_js_1\" ).setAttribute( \"value\", ( new Date() ).getTime() );<\/script><\/p><div class=\"wpcf7-response-output\" aria-hidden=\"true\"><\/div>\n<\/form>\n<\/div>\n<\/div><\/div> <\/div><\/div> <\/div><\/div><!-- \/wp:extendstudio\/materialis-->","protected":false},"excerpt":{"rendered":"<p>AQUECEDOR SOLAR Aquecedores solar Tecsol \u2013 fazer economia nos dias de hoje, usando energia solar, voc\u00ea tem muita \u00e1gua quente e \u00e9 de gra\u00e7a. FILTRO RESIDENCIAL Beber \u00e1gua filtrada \u00e9 cuidar da sua sa\u00fade, e com o filtro central tecsol voc\u00ea ter\u00e1 \u00e1gua filtrada em todas as torneiras de sua casa. ENERGIA EL\u00c9TRICA Energia solar&nbsp;&hellip;<\/p>\n","protected":false},"author":1,"featured_media":0,"parent":0,"menu_order":0,"comment_status":"closed","ping_status":"closed","template":"page-templates\/homepage.php","meta":{"footnotes":""},"_links":{"self":[{"href":"https:\/\/aquecedoresefiltros.com.br\/index.php\/wp-json\/wp\/v2\/pages\/6"}],"collection":[{"href":"https:\/\/aquecedoresefiltros.com.br\/index.php\/wp-json\/wp\/v2\/pages"}],"about":[{"href":"https:\/\/aquecedoresefiltros.com.br\/index.php\/wp-json\/wp\/v2\/types\/page"}],"author":[{"embeddable":true,"href":"https:\/\/aquecedoresefiltros.com.br\/index.php\/wp-json\/wp\/v2\/users\/1"}],"replies":[{"embeddable":true,"href":"https:\/\/aquecedoresefiltros.com.br\/index.php\/wp-json\/wp\/v2\/comments?post=6"}],"version-history":[{"count":6,"href":"https:\/\/aquecedoresefiltros.com.br\/index.php\/wp-json\/wp\/v2\/pages\/6\/revisions"}],"predecessor-version":[{"id":83,"href":"https:\/\/aquecedoresefiltros.com.br\/index.php\/wp-json\/wp\/v2\/pages\/6\/revisions\/83"}],"wp:attachment":[{"href":"https:\/\/aquecedoresefiltros.com.br\/index.php\/wp-json\/wp\/v2\/media?parent=6"}],"curies":[{"name":"wp","href":"https:\/\/api.w.org\/{rel}","templated":true}]}}